 What are the prime factors of r?
3, 7, 23
Suppose 3*i + 0*i = 0. Suppose i = 11*a - 10*a - 2. Suppose 0*o = a*r - 5*o - 34, 4*o + 23 = r. What are the prime factors of r?
7
List the prime factors of (-2)/8*1 + 87262/184.
2, 3, 79
Suppose -4*a - 4*s = -15 - 5, -2*s + 4 = -a. Suppose 3*h + 261 = c, -6*c + a*h = -4*c - 514. List the prime factors of c.
3, 5, 17
Suppose 0 = 5*q - 5, 5*l - 3*q - 2 - 5 = 0. Suppose -331 = -l*d + 91. List the prime factors of d.
211
Let c(s) = 3*s**2 + 3. Let v(r) be the third derivative of r**6/120 + r**5/60 - r**3/3 + 3*r**2. Let q be v(0). List the prime factors of c(q).
3, 5
Let r be 1*(0 + -1) + -1. Let i = 23 + r. Let h = -4 + i. List the prime factors of h.
17
Let x = 266 + 88. List the prime factors of x.
2, 3, 59
Let i be (-22)/10 - (-40)/(-50) - -69. Suppose -3*a - 20 = -8*a. Suppose -i = a*j - 194. List the prime factors of j.
2
Let h(l) = 3*l + 5. Let a be h(5). Suppose 13 = 2*o + 3. Let w = a + o. What are the prime factors of w?
5
Suppose n = -2*n - 1269. Let i = n - -643. Suppose 8*b - i = 3*b. What are the prime factors of b?
2, 11
Suppose 2*y - 27*y + 975 = 0. List the prime factors of y.
3, 13
Let d(a) = a**2 - 17*a + 16. Let k be d(12). Let y = 67 + k. Suppose 4*v + 11 = -1, w - 4*v = y. What are the prime factors of w?
11
Suppose 71*i - 150 = 66*i. Let k = -15 + i. What are the prime factors of k?
3, 5
Let g(m) = -m**3 + 11*m**2 - 3*m + 13. What are the prime factors of g(6)?
5, 7
Suppose -j = -0 + 2. Let k be ((-1)/j)/((-4)/(-40)). Suppose 4*y = k*f + 130, 2*y + 5*f - 7 = 43. List the prime factors of y.
2, 3, 5
Suppose 2*z + 4*v + 4 = 8*v, -2*z = -v - 5. What are the prime factors of -1*10*(-34)/z?
5, 17
Let b = 23 - 15. Suppose 0 = -f - 5 + b. Suppose -f*z - 118 = -5*y, 8 = 4*y + z - 100. What are the prime factors of y?
2, 13
Let a be (-6622)/70 - (-4)/(-10). Let b = -55 - a. List the prime factors of b.
2, 5
Let s(g) = 187*g + 2. Let q be s(2). Suppose q = 3*w + w - 4*l, 2*w = -l + 194. List the prime factors of w.
2, 3
Suppose 3*s + 62*s - 20995 = 0. List the prime factors of s.
17, 19
Suppose -7*v + 4809 = -5425. What are the prime factors of v?
2, 17, 43
Let u(d) = d**3 - 11*d**2 + 3*d + 1. Suppose 4*l - 4*x = -8, -2*l + 7*l + 2*x = -3. Let k be (4/l)/(-4) + 10. List the prime factors of u(k).
2, 17
Suppose -4*c = -3*y + 5638, -159*y + c - 3777 = -161*y. What are the prime factors of y?
2, 23, 41
Let v = 1872 - 1239. List the prime factors of v.
3, 211
Let p = 156 + 922. List the prime factors of p.
2, 7, 11
Let p(h) = 96*h + 35. List the prime factors of p(8).
11, 73
Let f(g) = 2*g**3 - 98*g**2 + 37*g - 18. What are the prime factors of f(49)?
5, 359
Let b(d) = 4*d**2 + 3*d - 18. Let j(r) = -3*r**2 - 4*r + 17. Let i(m) = -2*b(m) - 3*j(m). List the prime factors of i(3).
2, 3
Suppose n - 5*o + 24 = -23, 141 = -3*n - 5*o. Let t = n + 75. Suppose 4*l + v = -v + 58, -5*v + t = l. List the prime factors of l.
13
Let u = 7 + -3. Let l(d) = -d**3 + 3*d**2 + 9*d - 4. What are the prime factors of l(u)?
2
Suppose -14*a + 2511 = -10439. What are the prime factors of a?
5, 37
Let z(q) = q**2 - 9*q + 23. Let h be z(4). Suppose 0 = 5*x - c - 1782 + 720, 5*c = h*x - 624. List the prime factors of x.
3, 71
Let j be (2 + -11)*3/(-9). Let t = 15 - j. What are the prime factors of t?
2, 3
Let r be (-4)/28 - (-232)/7. Let c = r + -27. What are the prime factors of (-4)/c*6 + 66?
2, 31
Suppose 0 = -7*g + 3*g. Suppose g = 2*n, -3*t = 2*t + 2*n - 215. List the prime factors of t.
43
Let x be 456 + (-1)/(-2)*4. List the prime factors of (-1)/(-5) + x/10.
2, 23
Suppose 25 + 198 = s. What are the prime factors of s?
223
Suppose -3*t + 4*f = -f + 64, 2*t = 2*f - 36. Let g = t - -3. What are the prime factors of (-8)/g*(-380)/(-8)?
2, 19
Let u be 3/4 + (-111)/4. Let l = -25 - u. Suppose 3*i - 3*b = i + 114, -i - l*b = -57. List the prime factors of i.
3, 19
Let s(t) = -6*t**3 - 23*t**2 + 3*t + 39. List the prime factors of s(-8).
5, 17, 19
Let z be (410/3)/((-2)/(-6)). Suppose 4*v - z = -v. List the prime factors of v.
2, 41
Suppose 4*y = 9*o - 4*o - 4493, -3*o = -2*y - 2695. List the prime factors of o.
3, 13, 23
Suppose 0 = -10*u - 14896 + 57406. What are the prime factors of u?
3, 13, 109
List the prime factors of (22098/(-928))/(6/(-8))*4.
127
Suppose -4*c = 5*v - 2332, 0 = 4*v - 2*c + c - 1874. List the prime factors of v.
2, 3, 13
Let z = 6 - 7. Let f(u) = 30*u**2 - 2*u - 1. What are the prime factors of f(z)?
31
Let c(r) = r**3 - 7*r**2 - 7*r - 9. Let q(m) = 2*m + 2. Let k be q(3). Let w be c(k). List the prime factors of (1 - w)*(-3)/(-2).
3
Suppose -7*j = -5*j + 6. Let o be ((-7)/j)/((-3)/(-81)). Let u = o + -20. List the prime factors of u.
43
Suppose -3*p - 17 = 7. Let c = 14 + p. List the prime factors of (3 - (1 + c))*-7.
2, 7
Let t = 856 + -387. Suppose 8*d = t - 117. What are the prime factors of d?
2, 11
Let z be 3 - 30/(-4 + 3). Let v = z - 33. Suppose v = -c - h + 16, -c = -2*h - 21 + 2. List the prime factors of c.
17
Let x(f) = -14*f - 93. What are the prime factors of x(-18)?
3, 53
Let r(n) = -4*n + 47. Let h(j) = -j. Let a(s) = -h(s) + r(s). List the prime factors of a(0).
47
Let d be (12/(-16))/((-4)/(-240)). Let i = 20 - d. Suppose -2*k + i = -39. List the prime factors of k.
2, 13
Let l(n) = n**3 - n**2 + n - 1. Let b(z) = 74*z**3 + 7*z**2 - 5*z + 4. Let d(c) = b(c) + 5*l(c). What are the prime factors of d(1)?
2, 5
List the prime factors of 5*1 + (-2 + 13 - -156).
2, 43
Suppose 0 = -2*x + 5*p + 33, 4*x - 25 = 2*p + 1. Suppose x*b + 170 = -b. Let z = -30 - b. List the prime factors of z.
2
Suppose -5*t + p + 745 = 0, -104 + 849 = 5*t + 3*p. What are the prime factors of t?
149
Let r(u) = u**3 + 16*u**2 - 21*u + 19. Let p be r(-17). Let i = p - 127. Let q = 31 - i. What are the prime factors of q?
71
Let i = -9 + 9. Let w(v) = v + 37. Let k be w(i). Let h = k + -7. List the prime factors of h.
2, 3, 5
Let p(d) = -4*d**3 + d**2 + 1. Let a be 79/(-3) + (-20)/30. Let w = a - -25. What are the prime factors of p(w)?
37
Let q(w) = w. Let s = 10 + -7. Let t be q(s). Suppose 5*u + l - 3 - 15 = 0, 6 = -u + t*l. What are the prime factors of u?
3
Let r = 3 - 3. Let j = r + 5. Suppose j*u = -4*v + 8, u + 4 = -0. What are the prime factors of v?
7
Suppose -4*k = 5*o - 507 - 1680, k = 5*o + 578. Suppose 0 = 10*n - k - 1027. What are the prime factors of n?
2, 79
Suppose 2*d - i = 59, -4*d + 3*i - 2*i + 123 = 0. Suppose d*g = 30*g + 448. List the prime factors of g.
2, 7
Let s(c) = -c**3 + 7*c**2 + 5*c + 7. Let z be s(6). Let n be (-1 - 1) + (z - -7). Suppose f = -2*f + n. List the prime factors of f.
2, 13
Suppose 1120 = -4*b + 12*b. What are the prime factors of b?
2, 5, 7
Let s = 19358 + -12957. What are the prime factors of s?
37, 173
Suppose -8*r - 6 = -9*r. Suppose -b + r = -3*b, -2*y + 183 = -5*b. List the prime factors of y.
2, 3, 7
Suppose 3*t - 1 - 5 = 0. Suppose 0 = -3*g - t*p + 138, -g + p - 237 = -6*g. Let l = -24 + g. List the prime factors of l.
2, 3
Suppose 0 = 4*q - d + 61, -2*d = q - 0*d + 4. Let h be 6/(-30) - (-19)/(-5). What are the prime factors of h/(-2*(-2)/q)?
2, 7
Let l(i) = i**3 + 25*i**2 - 35*i + 38. What are the prime factors of l(-25)?
11, 83
Let n = 14 - 10. Let u(a) = 16*a - 46. List the prime factors of u(n).
2, 3
Suppose -630 - 279 = -3*f. List the prime factors of f.
3, 101
Let n(w) = w**3 - 10*w**2 - 6*w - 4. Let v be n(6). Let f = 325 + v. What are the prime factors of f?
3, 47
Suppose 0 = -i + o + 1421, -4*o = -5*o + 3. List the prime factors of i.
2, 89
Let c be (64/(-6))/(-9*(-26)/(-351)). Let w(t) = t + 3. Let q be w(-2). List the prime factors of (q/(-1))/((-4)/c).
2
Let w = 105 + 11. Suppose j + 77*j = 312. Suppose j*o - w = 2*o. What are the prime factors of o?
2, 29
What are the prime factors of ((-2)/6)/((-46)/632316)?
2, 29, 79
Suppose 0 = 9*t - 8*t - 3*l - 983, l + 3910 = 4*t. What are the prime factors of t?
977
Let f be (-2*6/9)/(8/(-18)). Suppose f*n = n + s + 191, 3*s + 103 = n. List the prime factors of n.
2, 47
Suppose -i + 1160 = 3*g, -52*g = -51*g - 2*i - 389. What are the prime factors of g?
3, 43
Let f = -319 + 779. What are the prime factors of f?
2, 5, 23
Let l(q) = -q + 13. Let d be l(9). Suppose 17 = -g - g - 5*y, -d*g + 36 = -4*y. Suppo